{"id":145,"date":"2023-04-01T18:37:17","date_gmt":"2023-04-01T18:37:17","guid":{"rendered":"https:\/\/olep.es\/?page_id=145"},"modified":"2023-04-02T09:50:20","modified_gmt":"2023-04-02T09:50:20","slug":"bienvenida","status":"publish","type":"page","link":"https:\/\/olep.es\/?page_id=145","title":{"rendered":"Bienvenida"},"content":{"rendered":"\n<p class=\"has-theme-palette-3-color has-theme-palette-9-background-color has-text-color has-background\">Con la presente p\u00e1gina web pretendemos dar a conocer nuestra actividad, as\u00ed como nuestras noticias. Tambi\u00e9n queremos que sirva de un espacio de opini\u00f3n donde poder expresarse en las distintas noticias y formularios existentes. Tambi\u00e9n puedes seguirnos en nuestros canales de: <a rel=\"noreferrer noopener\" href=\"https:\/\/www.facebook.com\/profile.php?id=100072059215233\" data-type=\"URL\" data-id=\"https:\/\/www.facebook.com\/profile.php?id=100072059215233\" target=\"_blank\"><strong>Facebook<\/strong><\/a>, <strong><a rel=\"noreferrer noopener\" href=\"https:\/\/twitter.com\/OLEP_LaLinea?t=gb4k1mYUOsv1ByV1y3FrBw&amp;s=09\" data-type=\"URL\" data-id=\"https:\/\/twitter.com\/OLEP_LaLinea?t=gb4k1mYUOsv1ByV1y3FrBw&amp;s=09\" target=\"_blank\">Twitter<\/a> <\/strong>e<strong> <a rel=\"noreferrer noopener\" href=\"https:\/\/instagram.com\/otralineaesposible_olep?igshid=ZDdkNTZiNTM=\" data-type=\"URL\" data-id=\"https:\/\/instagram.com\/otralineaesposible_olep?igshid=ZDdkNTZiNTM=\" target=\"_blank\">Instagram<\/a><\/strong>. <\/p>\n\n\n\n<div style=\"height:0px\" aria-hidden=\"true\" class=\"wp-block-spacer\"><\/div>\n\n\n\n<div style=\"height:0px\" aria-hidden=\"true\" class=\"wp-block-spacer\"><\/div>\n\n\n\n<p class=\"has-theme-palette-3-color has-theme-palette-9-background-color has-text-color has-background\">S\u00edguenos, an\u00edmate y forma parte de <strong>OLeP<\/strong> cuyo principal objetivo es la prosperidad de La L\u00ednea de la Concepci\u00f3n y de sus ciudadanos, evitar el despilfarro existente y la opacidad del gobierno municipal.<\/p>\n\n\n\n<p class=\"has-theme-palette-2-color has-text-color\"><\/p>\n\n\n\n<p><\/p>\n\n\n\n<p><\/p>\n","protected":false},"excerpt":{"rendered":"<p>Con la presente p\u00e1gina web pretendemos dar a conocer nuestra actividad, as\u00ed como nuestras noticias. Tambi\u00e9n queremos que sirva de un espacio de opini\u00f3n donde poder expresarse en las distintas noticias y formularios existentes. Tambi\u00e9n puedes seguirnos en nuestros canales de: Facebook, Twitter e Instagram. S\u00edguenos, an\u00edmate y forma parte de OLeP cuyo principal objetivo&#8230;<\/p>\n","protected":false},"author":1,"featured_media":0,"parent":0,"menu_order":0,"comment_status":"closed","ping_status":"closed","template":"","meta":{"_kadence_starter_templates_imported_post":false,"_kad_post_transparent":"","_kad_post_title":"","_kad_post_layout":"","_kad_post_sidebar_id":"","_kad_post_content_style":"","_kad_post_vertical_padding":"","_kad_post_feature":"","_kad_post_feature_position":"","_kad_post_header":false,"_kad_post_footer":false,"_kad_post_classname":"","_joinchat":[],"footnotes":""},"class_list":["post-145","page","type-page","status-publish","hentry"],"_links":{"self":[{"href":"https:\/\/olep.es\/index.php?rest_route=\/wp\/v2\/pages\/145","targetHints":{"allow":["GET"]}}],"collection":[{"href":"https:\/\/olep.es\/index.php?rest_route=\/wp\/v2\/pages"}],"about":[{"href":"https:\/\/olep.es\/index.php?rest_route=\/wp\/v2\/types\/page"}],"author":[{"embeddable":true,"href":"https:\/\/olep.es\/index.php?rest_route=\/wp\/v2\/users\/1"}],"replies":[{"embeddable":true,"href":"https:\/\/olep.es\/index.php?rest_route=%2Fwp%2Fv2%2Fcomments&post=145"}],"version-history":[{"count":11,"href":"https:\/\/olep.es\/index.php?rest_route=\/wp\/v2\/pages\/145\/revisions"}],"predecessor-version":[{"id":255,"href":"https:\/\/olep.es\/index.php?rest_route=\/wp\/v2\/pages\/145\/revisions\/255"}],"wp:attachment":[{"href":"https:\/\/olep.es\/index.php?rest_route=%2Fwp%2Fv2%2Fmedia&parent=145"}],"curies":[{"name":"wp","href":"https:\/\/api.w.org\/{rel}","templated":true}]}}